r + 1. What is the tens digit of i(t)?
6
Let l = -2715 + 4816. What is the hundreds digit of l?
1
Let y = 279 + 42. What is the tens digit of y?
2
Let j(p) = -25*p + 3. Let m be j(0). Let k(z) = z - 1. Let o be k(1). Suppose o = m*w - w - 40. What is the units digit of w?
0
Let j be 75/(-50) + (3/(-6) - -2). Let p(l) be the first derivative of l**2 + 51*l + 1. What is the units digit of p(j)?
1
Let n be 2 + -1 + 1/((-3)/30). Let l(b) = b**3 + 12*b - 5*b**2 + 13 + 4*b**2 + 12*b**2. What is the units digit of l(n)?
7
Let z be 175/15 - 1/(-3). Suppose 4*q + 0*q + 3560 = 0. What is the tens digit of 2/z + q/(-60)?
1
Let r = 1213 + 364. What is the thousands digit of r?
1
Suppose 0*i = 4*i - 28. Let y be (-4)/i - (-8)/14. Suppose -6 + y = -n. What is the units digit of n?
6
Let j(s) = 0*s + 3 - 5*s + 3*s - 21. What is the units digit of j(-16)?
4
Suppose 264*i + 3780 = 270*i. What is the units digit of i?
0
Suppose 456 - 2556 = -5*m. What is the units digit of m?
0
Let d(k) = -k**3 - 4*k**2 - 3*k + 4. Let i be d(-3). Suppose -3*n = i*b - 106, n - 32 + 5 = -b. What is the units digit of (-2)/2 + 1 + b?
5
Let b = -8 - -11. Suppose 4*o - 2*n - 252 = 0, -b*n - n = -o + 49. What is the tens digit of o?
6
Suppose 0 = 2*a + 5 - 1. Let v = 116 + a. What is the units digit of v?
4
Suppose 7*s + 75 = -51. Let x(r) = -3*r + 39. What is the units digit of x(s)?
3
Suppose 4*r = -8, -526 = -2*j - 17*r + 20*r. What is the units digit of j?
0
Let h = -6 + 6. Suppose h = -5*f - 32 - 148. Let r = -25 - f. What is the units digit of r?
1
Let v(j) = 4*j**2 + 19*j - 12. Let u be 4/(-3)*(-144)/(-32). What is the tens digit of v(u)?
1
Let j(p) = p**3 + 8*p**2 - 10*p - 4. Let y be j(-9). Let r = -3 + y. Suppose u + 2*k + 0*k = 19, u = 5*k - r. What is the tens digit of u?
1
Let q = 12 - 7. Suppose 2*h - q = -7. Let r = h - -18. What is the units digit of r?
7
Suppose 0 = 7*v - 3200 - 440. What is the hundreds digit of v?
5
Let r(q) = 2*q**2 + 7*q. Let f be ((-3)/2)/(9/84). Let t = f + 9. What is the units digit of r(t)?
5
Let w be (36/(-8) + 3)*-2. Suppose 0 = k - 1 - w. Suppose 4*v - 176 = -k*j, -v + 19 = j - 5*j. What is the tens digit of v?
3
Let k be 1*3 - (5 - 9). Suppose -2*n - 1 + k = 0. What is the units digit of (123/n)/(1/1)?
1
Let p be (0 + -10)*(-2 - -3). Let x(b) = 21*b**3 + 8*b - 22*b**3 - 11 - 10*b**2 - 12*b. What is the units digit of x(p)?
9
Let d = -266 + 461. What is the hundreds digit of d?
1
Let l = 7319 - 5209. What is the units digit of l?
0
Let y(t) = t**2 - 6*t - 12. Suppose 3*v + 12 - 39 = 0. What is the tens digit of y(v)?
1
What is the hundreds digit of -1*(1 - -213)/(-3 + 1)?
1
Suppose 5*m = -3*u + 9, u - 4*m = m + 3. Let f = 245 - u. What is the tens digit of f?
4
What is the hundreds digit of -9*(-12)/126*189?
1
Suppose 4*s + 4 = -2*q + 4*q, -q + 4*s + 2 = 0. Suppose -4*o + 1 = -t, 6*t - 2*o - 66 = q*t. Suppose 5*j - 6*j = -t. What is the units digit of j?
9
Let l = -964 - -3187. What is the thousands digit of l?
2
Suppose -2*u + 26 = 4*l, 4*l - 2*u - 22 = -0*u. Let n(q) = 5*q**2 - 16*q + 15. What is the units digit of n(l)?
9
Let u be (-2)/3*1*-12. Suppose 81*c - 2 - 322 = 0. Suppose u = -4*r, c*r + 0*r = 2*t - 118. What is the tens digit of t?
5
Let n = 2953 - -836. What is the tens digit of n?
8
What is the hundreds digit of 726 - (25 + 5)/5?
7
Let s(o) = -8*o - 1. Suppose 0 = 4*w + 2*x + 23 + 47, 2*x - 82 = 4*w. What is the tens digit of s(w)?
5
Suppose 11 + 9 = r - 5*f, 2*f = -6. Suppose r*k - 302 = -4*p, 116 = 2*k - 3*p + 7*p. What is the units digit of k?
2
Let h(w) = 47*w + 84. What is the units digit of h(12)?
8
Suppose 0 = -j + 12 - 8. Let l(n) = n + 3. Let u be l(j). Suppose -u = 5*k + 4*v, -3*k = -0*k + v. What is the units digit of k?
1
Let t be (2*6/(-4))/(-1). Suppose 2*z = -4*l + t*l + 255, -4*z - l + 509 = 0. What is the hundreds digit of z?
1
Let t(u) = 85 + 2*u - 125 + 5*u. What is the units digit of t(19)?
3
Let f be (-84)/8*24/(-9). Suppose 2*q = -0*q + f. What is the units digit of q?
4
Let b(u) = -7*u**2 - 4*u + 4. Let v be b(1). Let n(o) = -o + 7. What is the units digit of n(v)?
4
Let u(w) = w**2 + 12*w + 3. Let g be u(-12). Suppose s + 1 + g = 0. What is the tens digit of 21/(-14) - 142/s?
3
Let i(j) = 3*j**2 - 15*j + 16. Let c = -65 - -72. What is the tens digit of i(c)?
5
What is the tens digit of 16/(480/11502) + 2/(-5)?
8
Let k be 2/(-7) + 4/14. Let j(d) = d**2 - 9*d + 24. Let n be j(5). Suppose -u + 5*b + 31 + 15 = k, n*u = b + 89. What is the tens digit of u?
2
Let a(l) = -242*l - 28. What is the hundreds digit of a(-5)?
1
Suppose -2 = -8*b + 10*b. What is the tens digit of ((-5)/((-10)/(-122)))/b?
6
Suppose w + 4*w = -2*r + 55, 0 = -2*w - 2. What is the units digit of (r/(-4))/((-18)/12)?
5
Suppose -b = 5*n + 4*b - 5120, 4*b = -n + 1036. What is the units digit of n?
0
Suppose -d - 1 = -n + 1, -5*d + 3*n - 6 = 0. Suppose 3*g - 2*o = -d*g + 284, 4*o = 5*g - 474. Let h = g - 56. What is the tens digit of h?
3
Let i(f) be the first derivative of -3*f**4 - f**2 - 2*f + 14. What is the units digit of i(-2)?
8
Let d = -496 + 766. What is the hundreds digit of d?
2
Let n be -312 + (-3)/(1/(8/(-6))). Let k = n + 456. What is the tens digit of k?
4
Suppose 3*t = 3*g - 6, -24 = -2*g - 5*t + 15. Let u(a) = -g*a + 8*a + 7*a**2 - 5*a**2. What is the tens digit of u(-3)?
1
Let t(h) = -2*h - 13. Let c be t(-4). What is the tens digit of 63 + c + 4 + (1 - 2)?
6
Let o = -2683 - -4841. What is the hundreds digit of o?
1
Suppose -4*b + 13 + 3 = 0. Let l(z) = -z**2 + 2*z - 4*z + 4*z**2 - 4. What is the tens digit of l(b)?
3
Let l(w) = 5*w**2 + 21*w + 16. Let m(j) = 3*j**2 + 11*j + 8. Let y(a) = 4*l(a) - 7*m(a). Let d be y(8). Let b(z) = z**2 + 14. What is the units digit of b(d)?
4
Let r(d) = 16*d + 29. Let b be r(13). Suppose 11*j - b = 8*j. What is the units digit of j?
9
Suppose 5*t = -10 + 35. Suppose -i + 132 = -p, 0 = -i + 2*i + 5*p - 138. Suppose 3*f = 4*v - i, f = t*v - 0*v - 180. What is the units digit of v?
7
Let z = -9 + 27. Suppose -2*c - 2*j = -0 + z, -4*c + j = 11. What is the tens digit of -4*(2/c + -2)?
1
Let i(o) be the second derivative of o**4/12 + 2*o**3/3 + 81*o**2/2 + 3*o. What is the units digit of i(0)?
1
Suppose 14*j = -3*j + 153. Let m(n) = -n**3 + 11*n**2 + 15*n - 2. What is the units digit of m(j)?
5
Let b(f) be the first derivative of 23*f**2 + 2*f + 2. Let r be b(1). Suppose 4*d - 8*d = -r. What is the tens digit of d?
1
Suppose 5*l + 4*f = 781, -137 = -l + 6*f - 2*f. Let p = l - 105. Suppose -3*i = -4*j - 83, -4*i + 2*j + p = -56. What is the tens digit of i?
2
Let g(l) = -105*l**3 - 1. Let w(b) = 2*b - 1. Let d be w(0). Let i be g(d). Let t = i - 56. What is the tens digit of t?
4
Let k = -98 + 140. What is the tens digit of k?
4
Suppose -5*z = -2*w + 9055, 7*w - 18116 = 3*w + 4*z. What is the tens digit of w?
3
Suppose -o = -5, 5*y - 2*o + 185 = -0*o. Let u be (-3 + -3 + 7)*y. What is the units digit of (-360)/(-7) + (-20)/u?
2
Let l(h) = 24*h. Let k be l(1). Suppose 248 = 4*a - k. Suppose 2*j + 0*j = a. What is the tens digit of j?
3
Let s = -23 - -30. What is the tens digit of s/(-49) + (-380)/(-14)?
2
Let d be (-4 + 3)*1*-29. Let i = 225 + d. What is the tens digit of i?
5
Let l be (-21)/28 + (-38)/(-8). Let m = l + -5. Let u = m - -9. What is the units digit of u?
8
What is the thousands digit of -12 + 4255 + 12 + 0?
4
Suppose 0 = -46*u + 43*u + 93. What is the tens digit of u?
3
Suppose 4 = -2*s, 0 = -3*p + 4*s - 6*s + 2. Suppose -p*g + 7*g - 210 = 0. What is the units digit of g?
2
Let m = 39 - 9. Let n = 5 + -26. Let w = n + m. What is the units digit of w?
9
Let l(r) = r**3 + r + 72. Let s be l(0). Suppose 15 = m + 5*u, -3*m - 5*u = -8*m + 165. What is the units digit of 10/4*s/m?
6
Let k(u) = -u**3 - 8*u**2 + 9*u. Let t be k(-9). Suppose 3*p = 3*q + 345, t = -3*p + 4*q + 22 + 325. What is the units digit of p?
3
Suppose -2*i - 3*o = -4 - 36, 3*i + o = 53. Let m(f) = f**2 - 17*f + 32. What is the tens digit of m(i)?
3
Suppose 2*v + 3*x + 379 = 0, x + 2*x = 4*v + 767. Let q = -59 - v. What is the tens digit of q?
3
Let b = -62 + 62. Suppose 3*p - 241 + 16 = b. What is the tens digit of p?
7
Let h = -859 - -2478. What is the tens digit of h?
1
Let u = -1207 + 2040. What is the units d